{"id":2,"date":"2023-06-03T20:55:16","date_gmt":"2023-06-03T20:55:16","guid":{"rendered":"https:\/\/tischlerei-naturnah.de\/?page_id=2"},"modified":"2023-06-04T13:41:00","modified_gmt":"2023-06-04T13:41:00","slug":"sample-page","status":"publish","type":"page","link":"https:\/\/www.tischlerei-naturnah.de\/","title":{"rendered":"Startseite"},"content":{"rendered":"\n<p><img loading=\"lazy\" decoding=\"async\" width=\"800\" height=\"251\" class=\"wp-image-8\" style=\"width: 600px;\" src=\"https:\/\/www.tischlerei-naturnah.de\/wp-content\/uploads\/2023\/06\/logo-temp.jpg\" alt=\"Tischlerei naturnah - Leopoldsh\u00f6he\" srcset=\"https:\/\/www.tischlerei-naturnah.de\/wp-content\/uploads\/2023\/06\/logo-temp.jpg 800w, https:\/\/www.tischlerei-naturnah.de\/wp-content\/uploads\/2023\/06\/logo-temp-300x94.jpg 300w, https:\/\/www.tischlerei-naturnah.de\/wp-content\/uploads\/2023\/06\/logo-temp-768x241.jpg 768w\" sizes=\"(max-width: 800px) 100vw, 800px\" \/><\/p>\n\n\n\n<p class=\"has-text-align-center\">Tischlerei naturnah<br>Justus K\u00e4thner<br>Grester Stra\u00dfe 234<br>33818 Leopoldh\u00f6he<br>info (at) tischlerei-naturnah.de<br>Tel.:&nbsp; +49 (0) 15203347646<\/p>\n\n\n\n<blockquote class=\"wp-block-quote\">\n<p><\/p>\n<\/blockquote>\n\n\n\n<blockquote class=\"wp-block-quote\">\n<p class=\"has-text-align-center\">Hier informiere ich Euch in K\u00fcrze \u00fcber meine Leistungen und Projekte. Ihr k\u00f6nnt mich aber jetzt schon kontaktieren, wenn Ihr Euch \u00fcber mein Leistungsportfolio informieren m\u00f6chtet.<br>Euer Justus<\/p>\n<\/blockquote>\n\n\n\n<p><\/p>\n","protected":false},"excerpt":{"rendered":"<p>Tischlerei naturnahJustus K\u00e4thnerGrester Stra\u00dfe 23433818 Leopoldh\u00f6heinfo (at) tischlerei-naturnah.deTel.:&nbsp; +49 (0) 15203347646 Hier informiere ich Euch in K\u00fcrze \u00fcber meine Leistungen und Projekte. Ihr k\u00f6nnt mich aber jetzt schon kontaktieren, wenn Ihr Euch \u00fcber mein Leistungsportfolio informieren m\u00f6chtet.Euer Justus<\/p>\n","protected":false},"author":1,"featured_media":0,"parent":0,"menu_order":0,"comment_status":"closed","ping_status":"closed","template":"blank","meta":{"footnotes":""},"_links":{"self":[{"href":"https:\/\/www.tischlerei-naturnah.de\/index.php?rest_route=\/wp\/v2\/pages\/2"}],"collection":[{"href":"https:\/\/www.tischlerei-naturnah.de\/index.php?rest_route=\/wp\/v2\/pages"}],"about":[{"href":"https:\/\/www.tischlerei-naturnah.de\/index.php?rest_route=\/wp\/v2\/types\/page"}],"author":[{"embeddable":true,"href":"https:\/\/www.tischlerei-naturnah.de\/index.php?rest_route=\/wp\/v2\/users\/1"}],"replies":[{"embeddable":true,"href":"https:\/\/www.tischlerei-naturnah.de\/index.php?rest_route=%2Fwp%2Fv2%2Fcomments&post=2"}],"version-history":[{"count":4,"href":"https:\/\/www.tischlerei-naturnah.de\/index.php?rest_route=\/wp\/v2\/pages\/2\/revisions"}],"predecessor-version":[{"id":15,"href":"https:\/\/www.tischlerei-naturnah.de\/index.php?rest_route=\/wp\/v2\/pages\/2\/revisions\/15"}],"wp:attachment":[{"href":"https:\/\/www.tischlerei-naturnah.de\/index.php?rest_route=%2Fwp%2Fv2%2Fmedia&parent=2"}],"curies":[{"name":"wp","href":"https:\/\/api.w.org\/{rel}","templated":true}]}}